{"id":23043,"date":"2022-12-30T08:55:39","date_gmt":"2022-12-30T07:55:39","guid":{"rendered":"https:\/\/www.strasser.co.at\/?post_type=product&#038;p=23043"},"modified":"2023-02-23T14:11:08","modified_gmt":"2023-02-23T13:11:08","slug":"kg-wetter-kutter-sm45","status":"publish","type":"product","link":"https:\/\/www.strasser.co.at\/de\/produkt\/kg-wetter-kutter-sm45\/","title":{"rendered":"VERKAUFT: K+G Wetter Kutter SM45"},"content":{"rendered":"<p>Au\u00dfenfront aus Edelstahl rostfrei<br \/>\n45 L Sch\u00fcssel aus Edelstahl<br \/>\n2 Geschwindigkeiten f\u00fcr die Messer<br \/>\n2 Mischg\u00e4nge vorw\u00e4rts<br \/>\nL\u00e4rmschutzdeckel<br \/>\nDigitalanzeige<br \/>\nGesamtnennstrom 20A \/ Sicherung 35 Amp.<br \/>\nSchaltschrank eingebaut<br \/>\n6 Kuttermesser gebraucht<\/p>\n","protected":false},"excerpt":{"rendered":"<p>Au\u00dfenfront aus Edelstahl rostfrei 45 L Sch\u00fcssel aus Edelstahl 2 Geschwindigkeiten f\u00fcr die Messer 2 Mischg\u00e4nge vorw\u00e4rts L\u00e4rmschutzdeckel Digitalanzeige Gesamtnennstrom 20A \/ Sicherung 35 Amp. Schaltschrank eingebaut 6 Kuttermesser gebraucht<\/p>\n","protected":false},"featured_media":23425,"comment_status":"closed","ping_status":"closed","template":"","meta":{"_acf_changed":false,"_crsspst_to_strasser-maschinench":false,"inline_featured_image":false},"product_cat":[92],"product_tag":[],"class_list":{"0":"post-23043","1":"product","2":"type-product","3":"status-publish","4":"has-post-thumbnail","6":"product_cat-verkauft","8":"first","9":"instock","10":"taxable","11":"shipping-taxable","12":"product-type-simple"},"acf":[],"_links":{"self":[{"href":"https:\/\/www.strasser.co.at\/de\/wp-json\/wp\/v2\/product\/23043","targetHints":{"allow":["GET"]}}],"collection":[{"href":"https:\/\/www.strasser.co.at\/de\/wp-json\/wp\/v2\/product"}],"about":[{"href":"https:\/\/www.strasser.co.at\/de\/wp-json\/wp\/v2\/types\/product"}],"replies":[{"embeddable":true,"href":"https:\/\/www.strasser.co.at\/de\/wp-json\/wp\/v2\/comments?post=23043"}],"wp:featuredmedia":[{"embeddable":true,"href":"https:\/\/www.strasser.co.at\/de\/wp-json\/wp\/v2\/media\/23425"}],"wp:attachment":[{"href":"https:\/\/www.strasser.co.at\/de\/wp-json\/wp\/v2\/media?parent=23043"}],"wp:term":[{"taxonomy":"product_cat","embeddable":true,"href":"https:\/\/www.strasser.co.at\/de\/wp-json\/wp\/v2\/product_cat?post=23043"},{"taxonomy":"product_tag","embeddable":true,"href":"https:\/\/www.strasser.co.at\/de\/wp-json\/wp\/v2\/product_tag?post=23043"}],"curies":[{"name":"wp","href":"https:\/\/api.w.org\/{rel}","templated":true}]}}

<p>Außenfront aus Edelstahl rostfrei<br />
45 L Schüssel aus Edelstahl<br />
2 Geschwindigkeiten für die Messer<br />
2 Mischgänge vorwärts<br />
Lärmschutzdeckel<br />
Digitalanzeige<br />
Gesamtnennstrom 20A / Sicherung 35 Amp.<br />
Schaltschrank eingebaut<br />
6 Kuttermesser gebraucht</p>

<p>Außenfront aus Edelstahl rostfrei 45 L Schüssel aus Edelstahl 2 Geschwindigkeiten für die Messer 2 Mischgänge vorwärts Lärmschutzdeckel Digitalanzeige Gesamtnennstrom 20A / Sicherung 35 Amp. Schaltschrank eingebaut 6 Kuttermesser gebraucht</p>
