{"id":26456,"date":"2024-04-23T11:18:39","date_gmt":"2024-04-23T09:18:39","guid":{"rendered":"https:\/\/www.strasser.co.at\/?post_type=product&#038;p=26456"},"modified":"2026-03-02T15:10:33","modified_gmt":"2026-03-02T14:10:33","slug":"maja-abschwartmaschine-skinny-ii","status":"publish","type":"product","link":"https:\/\/www.strasser.co.at\/de\/produkt\/maja-abschwartmaschine-skinny-ii\/","title":{"rendered":"Maja Abschwartmaschine Skinny II"},"content":{"rendered":"<p>zum Entschwarten s\u00e4mtlicher frischer Teilst\u00fccke<br \/>\nvom Schwein, z.B. Schweinebauch, R\u00fccken- und<br \/>\nNackenspeck, Backe, Schulter- und Schinkendeckel,<br \/>\nsowie runde Teilst\u00fccke aus Schulter und<br \/>\nHinterschinken, ohne Knochen.<br \/>\nUniverseller Einsatz: eine Maschine f\u00fcr alle<br \/>\nEntschwartungsanwendungen.<br \/>\nAutomatischer Bandbetrieb und auch manueller<br \/>\n(offener) Betrieb.<br \/>\nK\u00fcrzeste Umr\u00fcstzeiten von Automatikbetrieb<br \/>\nauf manuellen Betrieb<br \/>\nIndividuelle Schwartenst\u00e4rkeneinstellung<br \/>\nAusbau des Messerhalters ohne Werkzeug.<br \/>\nIngangsetzen des Entschwartungsvorgangs<br \/>\nper Fu\u00dfpedal<br \/>\nSchnittbreite: 464 mm<br \/>\n0.75 kW, 400V, 50 Hz<br \/>\nMaschine fahrbar<\/p>\n","protected":false},"excerpt":{"rendered":"<p>zum Entschwarten s\u00e4mtlicher frischer Teilst\u00fccke vom Schwein, z.B. Schweinebauch, R\u00fccken- und Nackenspeck, Backe, Schulter- und Schinkendeckel, sowie runde Teilst\u00fccke aus Schulter und Hinterschinken, ohne Knochen. Universeller Einsatz: eine Maschine f\u00fcr alle Entschwartungsanwendungen. Automatischer Bandbetrieb und auch manueller (offener) Betrieb. K\u00fcrzeste Umr\u00fcstzeiten von Automatikbetrieb auf manuellen Betrieb Individuelle Schwartenst\u00e4rkeneinstellung Ausbau des Messerhalters ohne Werkzeug. Ingangsetzen des &#8230; <a title=\"Maja Abschwartmaschine Skinny II\" class=\"read-more\" href=\"https:\/\/www.strasser.co.at\/de\/produkt\/maja-abschwartmaschine-skinny-ii\/\" aria-label=\"Mehr dazu unter Maja Abschwartmaschine Skinny II\">Weiterlesen<\/a><\/p>\n","protected":false},"featured_media":26649,"comment_status":"closed","ping_status":"closed","template":"","meta":{"_acf_changed":false,"_crsspst_to_strasser-maschinench":true,"inline_featured_image":false},"product_cat":[420],"product_tag":[],"class_list":{"0":"post-26456","1":"product","2":"type-product","3":"status-publish","4":"has-post-thumbnail","6":"product_cat-abschwart-entvliesmaschinen","8":"first","9":"instock","10":"taxable","11":"shipping-taxable","12":"product-type-simple"},"acf":[],"_links":{"self":[{"href":"https:\/\/www.strasser.co.at\/de\/wp-json\/wp\/v2\/product\/26456","targetHints":{"allow":["GET"]}}],"collection":[{"href":"https:\/\/www.strasser.co.at\/de\/wp-json\/wp\/v2\/product"}],"about":[{"href":"https:\/\/www.strasser.co.at\/de\/wp-json\/wp\/v2\/types\/product"}],"replies":[{"embeddable":true,"href":"https:\/\/www.strasser.co.at\/de\/wp-json\/wp\/v2\/comments?post=26456"}],"wp:featuredmedia":[{"embeddable":true,"href":"https:\/\/www.strasser.co.at\/de\/wp-json\/wp\/v2\/media\/26649"}],"wp:attachment":[{"href":"https:\/\/www.strasser.co.at\/de\/wp-json\/wp\/v2\/media?parent=26456"}],"wp:term":[{"taxonomy":"product_cat","embeddable":true,"href":"https:\/\/www.strasser.co.at\/de\/wp-json\/wp\/v2\/product_cat?post=26456"},{"taxonomy":"product_tag","embeddable":true,"href":"https:\/\/www.strasser.co.at\/de\/wp-json\/wp\/v2\/product_tag?post=26456"}],"curies":[{"name":"wp","href":"https:\/\/api.w.org\/{rel}","templated":true}]}}

<p>zum Entschwarten sämtlicher frischer Teilstücke<br />
vom Schwein, z.B. Schweinebauch, Rücken- und<br />
Nackenspeck, Backe, Schulter- und Schinkendeckel,<br />
sowie runde Teilstücke aus Schulter und<br />
Hinterschinken, ohne Knochen.<br />
Universeller Einsatz: eine Maschine für alle<br />
Entschwartungsanwendungen.<br />
Automatischer Bandbetrieb und auch manueller<br />
(offener) Betrieb.<br />
Kürzeste Umrüstzeiten von Automatikbetrieb<br />
auf manuellen Betrieb<br />
Individuelle Schwartenstärkeneinstellung<br />
Ausbau des Messerhalters ohne Werkzeug.<br />
Ingangsetzen des Entschwartungsvorgangs<br />
per Fußpedal<br />
Schnittbreite: 464 mm<br />
0.75 kW, 400V, 50 Hz<br />
Maschine fahrbar</p>

<p>zum Entschwarten sämtlicher frischer Teilstücke vom Schwein, z.B. Schweinebauch, Rücken- und Nackenspeck, Backe, Schulter- und Schinkendeckel, sowie runde Teilstücke aus Schulter und Hinterschinken, ohne Knochen. Universeller Einsatz: eine Maschine für alle Entschwartungsanwendungen. Automatischer Bandbetrieb und auch manueller (offener) Betrieb. Kürzeste Umrüstzeiten von Automatikbetrieb auf manuellen Betrieb Individuelle Schwartenstärkeneinstellung Ausbau des Messerhalters ohne Werkzeug. Ingangsetzen des &#8230; <a title="Maja Abschwartmaschine Skinny II" class="read-more" href="https://www.strasser.co.at/de/produkt/maja-abschwartmaschine-skinny-ii/" aria-label="Mehr dazu unter Maja Abschwartmaschine Skinny II">Weiterlesen</a></p>
